 + 44)
-45
What is the value of -21 - (-18 + -32 + 2)?
27
Calculate 4 - 13 - (-9 - (-84 + 18)).
-66
Evaluate 6 - (29 - -3 - 21) - (35 - 12).
-28
-8 + -26 + (42 - 22)
-14
Evaluate (140 - (31 - -120)) + -1 + 28.
16
What is the value of -20 + 69 - (-3 + 15 - (4 + -2))?
39
Evaluate 1 + (2 - (-6 + -6) - (23 + 93)).
-101
9 - (10 - (-1 + 26) - -24 - -44)
-44
Evaluate -47 - 13 - -56 - (-16 - 1) - (1 - 31).
43
Evaluate (-11 + -4 - (57 + -35)) + 50.
13
Evaluate -15 + 8 + -1 + (-61 + 54 - -4) + -2.
-13
Evaluate 66 + (3 - 3) - (90 + 38 + -116).
54
-1 + 1 - (-27 + (61 - 48))
14
Calculate 16 - (-74 + 46) - 17 - -27.
54
Evaluate (-10 + -1 - -13) + -26 - -15 - 28.
-37
Evaluate -256 + 274 - (-59 - -12).
65
What is the value of 6 + 86 + -113 - (-50 - 2)?
31
What is -31 + (95 + 49 - 57)?
56
What is the value of -13 + (2 - -10) + 1 + 15 - -51?
66
Evaluate (-53 - -34) + 21 - -27.
29
What is 110 - 71 - (-6 + 5)?
40
Calculate (12 - (9 + -13 - 4 - -10)) + 12 - 9.
13
Calculate -12 + (9 - 10 - 4 - 30).
-47
What is the value of (-6 - (26 + (3 - -1))) + 125 + -109?
-20
Evaluate (-1299 - -1205) + 69 + 0.
-25
Calculate -62 + (5 - 18) - (-12 + -2 + -5).
-56
Evaluate 47 - -10 - (-11 - (41 + -62)).
47
Evaluate -2 + -35 - (-2291 - -2275).
-21
What is the value of 572 - 517 - (-1 + (-24 - -2))?
78
What is -3 + -57 + 35 + 6 + 11 + -1 + -5?
-14
What is -4 - (-4 + 2 + 17 + 17 + -31 - 67)?
62
Evaluate 22 + (-2 - 19) + -11 - (-2 - 4).
-4
What is -7 + -5 - (31 - 18 - (4 - -4))?
-17
1 + 96 + -3 - (-8 + 13) - (-50 - -58)
81
Calculate -2 + -63 - (1336 - 1379).
-22
Evaluate (3 - 16) + 24 + (-6 - -3).
8
What is the value of -8 + 6 - (84 + (-1 + 11 - (18 + -18)))?
-96
-42 - (-28 - (2 - 2))
-14
What is the value of 10 - (6 - 23) - (-60 - -73 - (3 + 1))?
18
9 + (7 - -18) + 40 + 41
115
Calculate 10 + ((4 - 16) + -2 - (-9 - -12)) + -79.
-86
4 - ((0 - 13) + 0 + (161 - 84 - -47))
-107
What is the value of 444 + -441 + (34 - -2) + 20?
59
What is 21 + 8 + ((-6 - -1) + -17 - -6) + 125?
138
What is the value of -55 - 68 - (2 + -31)?
-94
27 + -43 + 2 + (0 - -23) + -2
7
What is 101 - (-125 - (-82 + -30))?
114
Calculate -15 - (-9 + 22 + -21 - -19).
-26
What is the value of (-13 + (-8 - -17) + -53 - -5) + -9?
-61
Evaluate 66 + -21 + -3 - 72.
-30
((-10 - -13) + 54 - 12) + (60 - 50)
55
What is the value of -66 - (-27 + 6 + -2 + 14 + 2 + -3)?
-56
What is (52 - (78 + -6)) + -2 + (-2 - -5)?
-19
32 + -21 - (-4 + 28)
-13
What is the value of -19 + -143 + (-8 - -35) - (7 + (5 - 0))?
-147
Evaluate (21 + (-57 - -38) - -99) + (-2 - 1).
98
What is -59 + (21 - (68 + 11 - 21))?
-96
What is the value of -25 + (-5 - (37 - 37))?
-30
Evaluate -27 - (-32 + (6 - -37)).
-38
What is the value of (-5 - -6 - 0) + -2 - (155 + -205)?
49
What is -51 + 14 + 28 + -22?
-31
What is the value of 1 + 46 + (305 - 344)?
8
Evaluate -11548 + 11582 + (-16 - (-2 + 0)).
20
-44 + (-65 - (-25 + -24)) + 47
-13
Evaluate -49 - -89 - (11 - -14).
15
Calculate -64 + 1 - (-34 - -15 - -22).
-66
What is the value of (-8 + 15 - -35) + -13?
29
What is (-1 - -97) + (0 - 28) + 283 + -244?
107
What is (-2 - 20) + (258 - 367) + 17 + -2?
-116
(12 - -25) + -2 - (-10 + 6 + -5)
44
Calculate -19 - 1 - (-91 + 72) - (-3 + 1 + 14).
-13
Calculate -56 + 2 + -42 + 69.
-27
Calculate (-4 - -1) + (-66 - 0) + (12 + -35 - -26).
-66
Evaluate (-1903 - -1939) + -13 + 0 + 0 + (0 - -2).
25
Calculate -24 - -3 - -9 - (-49 - -26).
11
Calculate -12 - 1 - (56 - (52 + -4)) - -10.
-11
What is (-184 + 190 - (104 - 1)) + 2 + -3 + -11?
-109
Evaluate (29 - -16) + -43 - -62.
64
-3 + (2 - (-28 - -82)) + (-1 - -2) + -8
-62
16 - 2 - ((-78 - -13) + 49)
30
What is the value of (53 + 55 - 110) + (-15 - -1)?
-16
-339 + 309 - (26 + -4 + 2 + 0)
-54
Evaluate 14 + (-211 - -140 - -181).
124
Evaluate -9 - -114 - (-177 + 297).
-15
(-44 - (0 - -47)) + 60
-31
(-28 - 7) + -124 + 148
-11
Calculate (20 - -11) + 3 + (-27 - -14 - (0 + -9)).
30
Calculate -2 - (-6 + 1 + -2 - (-323 - -310)) - -65.
57
Evaluate 40 - (-15 + (-6 - 0) + 27 + -23 + 9).
48
Calculate (-46 - -3) + 2711 + -2756.
-88
Calculate 48 + -68 + -5 + 4 + -7 + 7 + 4.
-17
21 + (-39 + 53 - 37 - -11)
9
Evaluate 43 - (-164 + 52 - -195).
-40
What is -117 + ((-1 - -11) + (28 - 42) - (4 - 6))?
-119
72 + (59 - 69 - 31)
31
Evaluate 85 + -68 + (5 - -3).
25
Calculate (1 - -3) + (-2420 - -2249) + (30 - -1).
-136
What is the value of 78 + -10 + -232 - -68?
-96
Calculate -43 + (50 + -26 - 17).
-36
(-6 - 47 - (3 - (-2 + 16))) + (3 - 7)
-46
Evaluate (-10 - -3) + (-19 + 32 - 13) + 12.
5
What is (36 - (1 + -21) - (4 + 1)) + 10 - -5?
66
(-12 - 52) + -35 + 86 + -97
-110
Calculate -12 + 21 + -10 + 21 + -11.
9
What is 20 + -45 + (-23 - -19 - 4)?
-33
What is the value of -7 + 11 + (2 - -2 - 2) - -1 - 51?
-44
Evaluate -72 + (-20 + 5 - -4 - -37).
-46
Calculate 24 - (-20 + (-21 - (2 + (2 - 0)))).
69
What is (7 + -5 - 3) + (37 - 22) + -52?
-38
What is the value of -7 + (4 - ((12 - 29) + 7)) - (1 - 19)?
25
What is the value of -5 + (0 + 11 - ((-13 - 4) + 3 + 99))?
-79
-210 + 400 + -210 + 31 + 1 + 2
14
Calculate (-9 - (-14 + 13 + 0 - -2)) + 6.
-4
Calculate 119 + -121 - (5 + (2 + -3 - 12)).
6
What is (306 + -159 - 131) + 49 + 1?
66
What is the value of 80 + (-648 - -648) + 5 + (-1 - -1)?
85
4 - 7 - (664 + -664)
-3
(13 - -63 - 17) + -39
20
What is the value of (50 - 40 - (1 + -2)) + (-85 - -94) - 5?
15
What is 1 - -3 - (4 - 9) - (37 - -9 - -37)?
-74
What is the value of (-22 - 4) + (-13 - 3 - -4 - (-11 - -4))?
-31
(7 - ((30 - (5 + 1)) + (5 - 14))) + -5
-13
Calculate (17 + -20 + -11 - -5) + 13 + 14.
18
What is the value of 48 - (-25 - (2 + 189 + -181 + -1 + -21))?
61
What is the value of (5 - 1) + 11 + (-8 - (6 - (-3 - -7)))?
5
Evaluate (64 - 103) + (-108 - -61).
-86
Evaluate 36 - (24 + 33 + -9) - 113.
-125
Calculate 54 + -27 + -228 + 116.
-85
What is the value of 16 - (113 - (1 + 0 + 2 + 2))?
-92
8 - ((-92 - -15) + 63)
22
Evaluate (3 - -1) + (-13 + 13 + -74 - -44).
-26
Evaluate (-1770 - -1784) + -66 + 1 - 41.
-92
What is the value of 0 - -23 - (-72 + (-63 - -161))?
-3
What is the value of 0 - 31 - (-240 - -261) - 7?
-59
What is (-43 + 61 - -16) + (-2 - -3)?
35
What is -170 + (-40 + 42 + 9 - -8)?
-151
What is the value of -36 + 107 - (-12 + 74)?
9
46 + -2 + -31 + 45 + -37
21
What is -80 + (15 - (-14 + 16 + 10)) + -6?
-83
What is the value of (38 - (42 + -18)) + -20?
-6
Evaluate -117 + (-16 - -80) - -94.
41
Calculate (-15 - (17 - 10) - -14) + (11 - 27).
-24
Evaluate 1 - 13 - (1079 - 1120).
29
What is 1 + 14 + (-15 - -70) + -85?
-15
-23 + 3 + -1 + 8 - (27 - 12)
-28
Evaluate 0 + -79 + (-318 - -362).
-35
Calculate (37 - 127 - -54) + -14 + 0.
-50
Evaluate 2 + 53 + -105 + 17.
-33
Calculate (-24 - 19 - -58) + 1.
16
What is the value of 1431 + -1439 - (-2 + -8)?
2
Calculate -56 - (-4 + -21 + -48).
17
What is the value of 80 + 17 + -34 - -7?
70
What is (-1 - -2 - (-61 + 67)) + (7 - 8) + 21?
15
What is the value of -39 - (-136 + 71) - -8?
34
Evaluate 74 + -51 + 11 + -13 + -3 + 4 + -4.
18
16 - -33 - 45 - 13 - (0 - -2 - 2)
-9
Evaluate -61 + 61 + 79 + -93.
-14
Evaluate 43 + (-23 - -21) - 31.
10
What is 670 + -643 + -6 + 1 + -3?
19
Evaluate -22 + (-5 - (5 + 29)) + 22.
-39
What is -421 - -433 - ((1 - 32) + -7 + 9)?
41
-5 + -11 + (27 - (-6 - -22)) + 30 + -1
24
Evaluate (-9 - ((-9 - -13 - (-4 + -6)) + -31)) + 22.
30
What is the value of (-1 + -2 - 0 - -3) + (-16 - (-34 + 56))?
-38
Evaluate -59 + 5 + (5 - 9) + -548 + 556.
-50
What is 13 - (-1 + -1) - (11 + 2 + -54)?
56
What is the value of -18 + -1 + -1 - (82 + 70 - 158)?
-14
Calculate (-19 - (2 + -15) - 4) + 27.
17
What is the value of -146 - (-279 - (-47 + -82))?
4
-26 + (25 - (6 + 0 + -5)) - -143
141
What is the value of -39 - (0 + (18 + 1 - (-135 - -150)))?
-43
What is the value of 12 + 21 - (-67 - -116)?
-16
What is the value of -1 + 0 + -68 + -4 + 55?
-18
Evaluate 1 + -6 - ((-84 - -39) + 58 + (2 - 19)).
-1
What is the value of -51 + -7 - (401 - 478)?
19
Calculate -20 + -8 - (-1109 + 1036).
45
What is the value of 26 + -2 - (-389 + 527)?
-114
Calculate -10 - (5 + (4 - 2 - (-4 + 82 + 1))).
62
What is the value of -3 + 3 + (0 - (9 + -1) - (-857 - -910))?
-61
Evaluate (0 - 0) + -51 + 9 - (-4 + -7).
-31
Evaluate (63 + -83 - (9 - 8)) + 1 + 5.
-15
What is the value of (8 - 6 - 21) + (49 - 34)?
-4
12 + -94 + 37 + 105
60
What is the value of 7 - (3